is the value of (2 + -2 - 12 - -5) + 6?
-1
What is the value of (8 + -1 - 18) + 15?
4
Calculate -5 + (-1 + -8 - -8).
-6
What is the value of (51 - 52) + 2 + -4 + -1?
-4
What is the value of (-1 - -4) + 2 + -5 + 5?
5
Calculate -4 - (-4 - (3 - 1)).
2
(-3 - -5) + (-7 - -3)
-2
5 + -12 + (1 - -1)
-5
Calculate (-1 - 0) + (-22 - -31).
8
Calculate -1 + 5 + -1 + (0 - 7).
-4
What is the value of -8 - (6 - 5 - (2 - -2))?
-5
Evaluate -10 + 14 + (2 - 3).
3
What is the value of 2 - (4 + -1) - (-2 - 0)?
1
-8 + 1 - (0 - (5 + 9))
7
Calculate (-8 + 4 - -4) + 4.
4
Evaluate 3 + -5 - 3 - -11 - 6.
0
What is the value of -6 + (15 - 11) + 1 + 2?
1
Calculate (-15 + 0 - -3 - -7) + 0.
-5
What is 3 - 2 - (-7 + 3)?
5
13 + -16 + (-4 - 0) - -2
-5
(14 + -9 - (5 + -11)) + -4
7
What is the value of 52 + -55 + (-2 - 0)?
-5
Evaluate -1 + (4 - 0) + 13 + -13.
3
Evaluate (-4 - 1) + (5 - -3).
3
Calculate (5 - (1 + 0)) + (-5 - 0).
-1
What is -6 + 4 + (-2 - 1)?
-5
What is -2 + (-9 - -5) - (-3 + 2)?
-5
-1 + -4 - (1 + 1 - 4)
-3
What is (-4 - (-2 + 0)) + 1?
-1
What is 5 + (-1 - 2) - (-4 + 11)?
-5
What is -1 + -3 + 19 - 6?
9
16 + -7 + -12 + 8
5
-2 + (-3 - 6) + 8
-3
What is (11 - 7 - 13) + 7?
-2
Calculate (-1 - -2) + (39 - 42).
-2
What is 3 + -18 + 7 + 14 + 0?
6
What is the value of (-13 + 4 - -8) + 1?
0
Calculate -5 + (5 - 3) + -3 - -4.
-2
Calculate -9 - -6 - (-1 - 10).
8
Calculate 1 - (6 + -6) - -6 - 13.
-6
What is the value of -6 + -13 + 8 + 2 + 7?
-2
What is the value of (-2 - (9 + -5)) + 11?
5
1 + 2 - (-7 + 9)
1
What is 3 - (2 - -3 - (-14 + 15))?
-1
What is the value of (-13 - -9) + (1 - -4) + -2?
-1
What is the value of 1 + -5 + -5 + -1 + 5?
-5
What is 0 - (4 - (7 - (-3 + 2)))?
4
Evaluate 4 - (-4 - -2) - (-1 - -8).
-1
Evaluate 1 + -5 + 5 + (0 - -1).
2
What is the value of -1 + 1 + -4 + 2 + 6?
4
Calculate -4 - (-4 + (2 - 2 - 0)).
0
What is the value of (-2 - 4) + (11 - (8 - 4))?
1
Evaluate (-3 - -2 - (4 - 9)) + -9.
-5
Evaluate -9 + 2 + (-4 + -7 - -21).
3
Calculate (8 - (12 + -6)) + (0 - -2).
4
Evaluate (8 - (0 - -3)) + -14 + 6.
-3
Evaluate (-8 - -24 - 6) + -2 + -3.
5
What is -1 - (-14 + (-8 - -14))?
7
Calculate -9 + (13 - 4 - -2).
2
What is 1 + (2 + -7 - (-2 + -1))?
-1
-2 + -4 + 6 + 5 + 0
5
Evaluate -8 - -6 - (2 + -3).
-1
What is -5 - (2 + -4 - 7)?
4
What is the value of -14 + 9 + 5 - 4?
-4
Calculate -1 - (-2 + (-4 - -2)).
3
Calculate 3 - 4 - -3 - -2.
4
-52 + 53 - (0 - -1)
0
What is the value of -13 + 25 - (-1 - -12)?
1
(3 - (-1 - 0)) + -7
-3
Evaluate 0 + 0 - (8 + (-17 - -11)).
-2
Calculate (-4 - 0) + -2 + -1 + 7.
0
What is -10 - -14 - (1 + -1)?
4
0 + -13 + 7 + -2 + 2
-6
What is the value of (-5 - -9 - 3) + (-1 - -1)?
1
Calculate 11 + -12 - (3 - 10).
6
Evaluate (1 + 2 - 6) + (9 - 2).
4
Calculate 14 - (0 + 10 + -3).
7
(-24 - -28) + (1 - -1)
6
What is the value of -6 + 1 - (-120 - -114)?
1
What is the value of -5 - (4 + 1 + -7 + 3)?
-6
What is the value of -2 + 2 + -4 + 10?
6
8 - (0 - (-6 + 6))
8
What is the value of 1 - ((12 - (-3 - -5)) + -6)?
-3
Calculate 6 + -1 + -3 - (1 - -1).
0
What is the value of 1 - -1 - (-3 - (-3 + -2))?
0
Evaluate -2 + (1 - -4) + 1 + -4.
0
Evaluate (1 - 8) + (17 - 16).
-6
Calculate (-14 - -17) + 1 - (-1 - -6).
-1
What is 6 + 2 + (-5 - 4)?
-1
What is the value of 6 - (-3 + (4 - -2))?
3
1 + (-7 - (-5 + 4))
-5
7 + -4 + (3 - 5 - -4)
5
What is (-6 + 0 - (8 - 11)) + 0?
-3
(-2 - 2) + 26 + -15
7
What is the value of 2 + 1 + 1 + -3?
1
Calculate 1 + -21 - (-25 + 16).
-11
What is the value of -7 + 2 + -3 + 5 + -2?
-5
What is 2 - 6 - (0 - 0)?
-4
Evaluate (13 - 8 - (5 - 1)) + -4.
-3
-8 + 8 + (-5 - -1 - -3)
-1
Calculate -4 - (4 - 11) - (9 - 2).
-4
Calculate 1 - -13 - (0 - -7).
7
(4 - (8 + -10)) + -8
-2
What is -5 + (-2 + -3 - (-11 - 1))?
2
Calculate 1 + -7 + -76 + 81.
-1
What is the value of -4 + 0 + 4 - (-3 + 5)?
-2
(-7 - (1 - 11)) + -1 + 0
2
What is 5 + -1 - (7 + -12 + 8)?
1
What is (-26 - -31) + -5 + 2?
2
(-5 - (-6 + 1 + 4)) + 2
-2
Evaluate 69 + -61 + -7 + 0.
1
Evaluate -2 + -4 + (-3 - -6).
-3
What is -5 + 1 + 5 - -2?
3
(-32 + 32 - (0 - 1)) + -6
-5
Evaluate 6 + -3 + 1 + 3.
7
What is the value of 2 + (-1 - (-3 - 3)) + -2?
5
Evaluate 4 + (-3 + 4 - 4).
1
-14 - ((-15 - -2) + 6)
-7
What is the value of -6 + 0 + 10 - 10?
-6
What is (0 + 0 - 0) + 2 + -5?
-3
0 + (0 - (3 + -1)) - 0
-2
Calculate 8 + -3 - 1 - (0 - -1).
3
-4 + -4 + 16 + -6 + 2
4
Evaluate 0 + -2 + (1 - -5).
4
What is the value of -12 + 15 + -5 - 4?
-6
What is the value of (9 - 7) + (3 - 4)?
1
What is the value of -6 - (-3 + -3 + 5 + -1)?
-4
What is -1 + -4 + -2 + 2?
-5
What is -6 + (-2 + 3 - (-2 + -1))?
-2
What is the value of 43 + -42 - ((-1 - -2) + 3)?
-3
Evaluate 2 + (3 + -3 - -3).
5
What is (0 - -3) + 8 + -11?
0
2 + 4 + 2 + -6
2
-8 + (3 - -5) - -2
2
What is the value of -2 - (-3 + 2) - (-3 + 1)?
1
What is 1 - 2 - (1 - 0 - 0)?
-2
What is the value of (-3 + 10 - -1) + -15?
-7
Evaluate 10 - (-10 + 8 - (-3 + -4)).
5
-2 - 2 - -7 - 3
0
Evaluate 35 + -30 + (-3 - -5).
7
What is (1 - 0) + (9 - 3 - 3)?
4
Evaluate -2 + (-4 - -3) + 2.
-1
Evaluate 2 + -10 - (-15 + 5).
2
Evaluate (7 - -1) + -15 + 15.
8
What is the value of -3 - (7 + -3 + -2)?
-5
What is -5 - (5 - ((-3 - -8) + 3))?
-2
(17 - 26) + (6 - (-2 - -2))
-3
Evaluate -2 + -1 + -10 + 8.
-5
Calculate 2 + (0 - -4 - 1) + -3.
2
What is the value of (-1 - (7 + -4)) + 11?
7
Calculate -3 - (-2 + -8) - 5.
2
Calculate (-4 - (-3 - -5)) + 1.
-5
Evaluate 8 - (4 + 0) - (7 - 3).
0
What is the value of -1 - (3 + -3 + -2 + -1)?
2
What is 3 - 9 - -6 - 2?
-2
Evaluate 13 + -14 - (1 - 1).
-1
Evaluate -12 + 7 + 8 + -3 + -7.
-7
What is 1 - 5 - (5 + -3 - 3)?
-3
What is the value of -4 + (3 - -1) + -3?
-3
4 - 10 - ((-4 - -5) + -7)
0
What is -28 + (32 - 15) + -1 + 5?
-7
Calculate (3 - 7) + (-3 - (-4 - 1)).
-2
What is the value of (9 - (9 + -3)) + 1?
4
What is the value of (6 - (-3 - -4)) + -8 + 0?
-3
-10 - (5 + (-13 - (1 + -4)))
-5
What is (2 - 6 - -1 - 1) + 3?
-1
Evaluate -3 + 0 + (2 - (3 + -4)).
0
Calculate 8 + (-1 - (0 - -4)).
3
-2 + 2 + 2 - 4
-2
-9 - ((6 - 18) + 6)
-3
Calculate 5 - (0 - ((-5 - 3) + 3)).
0
Evaluate -11 + (9 + -11 - -13).
0
Evaluate (-12 - -27 - 8) + -1.
6
Calculate -2 + 5 + 5 + -5.
3
Calculate (-2 - -4) + 0 + -5 + 1.
-2
What is 1 + -4 + (5 - (-2 + 4))?
0
What is the value of -1 + 1 + 8 + -4?
4
What is the value of (-5 - 2) + 13 + -3?
3
-9 - ((-4 - -3) + -4)
-4
Evaluate -6 - (-4 + 6 + -4).
-4
Evaluate (1 - (1 + 3 - 5)) + 3.
5
What is the value of (-2 - (-1 + 2)) + 5 + -2?
0
Evaluate (0 - (3 - 5)) + 3 + -2.
3
1 + -1 - (-25 - -27)
-2
-3 + (3 + 5 - 0)
5
(-4 + 8 - 9) + 2 + 6
3
Evaluate -3 + 5 + -1 + -3 + 6.
4
What is the value of (9 - (13 + -8) - 3) + 6?
7
What is -6 - (-4 + (-3 - -6) + -2)?
-3
Evaluate 2 - (1 + 0 + 6).
-5
What is 2 + -2 - (-11 + 7) - 1?
3
What is the value of -28 + (13 - 2) - -12?
-5
Evaluate 5 + (-8 + 7 - (2 + 0)).
2
Calculate -1 + 3 - (2 - (-1 - -1)).
0
Evaluate 1 + (0 + 0 - 6).
-5
Calculate 0 + -4 + 3 + -2.
-3
What is 34 - 30 - (-1 + 10)?
-5
4 + (7 - 4 - 4)
3
What is -2 + 9 + 3 + -24 - -8?
-6
Calculate 2 + -3 + 0 + -4.
-5
What is the value of -9 + (-5 - 3) + 5 + 6?
-6
Calculate (-2 - 1) + 10 + 6 + -8.
5
What is -4 + (-6 - -15) - (-1 - -2)?
4
What is the value of -6 - -7 - 7 - (-6 - -2)?
-2
What is (-9 - -3) + (-3 - -15)?
6
Calculate 0 + (0 - 0 - 2).
-2
What is the value of 14 + -11 - (2 - 0)?
1
(-5 - 0) + 7 + (-1 - -3)
4
What is 2 + 3 + -4 - 4?
-3
(-5 - -8) + -7 - (2 - 7)
1
Evaluate (0 - 3) + (17 - 13).
1
Evaluate (-1 - (1 + 1)) + 4 + -3.
-2
What is 4 - ((6 - 5) + 2)?
1
What is the value of 0 + 5 + -11 + 14?
8
0 + -13 + (-13 - -26)
0
What is 1 + (1 - (1 - -1 - 1))?
1
What is the value of -5 + 5 + -5 + 2 - -1?
-2
-3 + -4 + 5 + 6
4
(0 - 6) + -2 + 9
1
What is -50 + 41 + (-3 - -3)?
-9
Evaluate -1 + 7 + -2 + -7.
-3
Calculate (1 - (0 + -10)) + -7.
4
Evaluate 4 + -1 - (32 + -31) - -2.
4
What is (-3 - 9 - (-1 - 7)) + 1?
-3
What is 7 + -2 + -3 - (6 + -7)?
3
Evaluate 2 - 4 - 0 - 0.
-2
Evaluate -141 - -148 - (1 - 2 - -3).
5
What is -4 - (-3 + 2 + -2 + 1)?
-2
What is the value of -1 - -2 - (2 - -3)?
-4
Calculate -9 - (3 - (0 - -8)).
-4
Calculate -3 + (4 - 2) + 0.
-1
Calculate 6 - (-5 + -7 + 10).
8
What is -2 - (-3 - (0 + 7)) - 2?
6
-120 + 121 + (0 - 3)
-2
What is the value of -7 + (-1 - -8) - 2 - 0?
-2
What is the value of (-2 - -3) + -9 + 5?
-3
What is (-1 + 6 - 3) 